{"id":2373,"date":"2025-01-08T21:26:04","date_gmt":"2025-01-08T20:26:04","guid":{"rendered":"https:\/\/www.piavejolly.com\/CoppaPiave\/?page_id=2373"},"modified":"2025-01-15T22:28:48","modified_gmt":"2025-01-15T21:28:48","slug":"coppa-del-piave-revival-dal-2017-al-2020","status":"publish","type":"page","link":"https:\/\/www.piavejolly.com\/CoppaPiave\/home\/coppa-del-piave-revival-dal-2017-al-2020\/","title":{"rendered":"Coppa del Piave Revival dal 2017 al 2020"},"content":{"rendered":"<p style=\"text-align: center;\"><img fetchpriority=\"high\" decoding=\"async\" class=\"alignnone size-full wp-image-2488\" src=\"https:\/\/www.piavejolly.com\/CoppaPiave\/wp-content\/uploads\/2025\/01\/1.locandina2017_orizzontale.png\" alt=\"\" width=\"2400\" height=\"1350\" srcset=\"https:\/\/www.piavejolly.com\/CoppaPiave\/wp-content\/uploads\/2025\/01\/1.locandina2017_orizzontale.png 2400w, https:\/\/www.piavejolly.com\/CoppaPiave\/wp-content\/uploads\/2025\/01\/1.locandina2017_orizzontale-300x169.png 300w, https:\/\/www.piavejolly.com\/CoppaPiave\/wp-content\/uploads\/2025\/01\/1.locandina2017_orizzontale-1024x576.png 1024w, https:\/\/www.piavejolly.com\/CoppaPiave\/wp-content\/uploads\/2025\/01\/1.locandina2017_orizzontale-768x432.png 768w, https:\/\/www.piavejolly.com\/CoppaPiave\/wp-content\/uploads\/2025\/01\/1.locandina2017_orizzontale-1536x864.png 1536w, https:\/\/www.piavejolly.com\/CoppaPiave\/wp-content\/uploads\/2025\/01\/1.locandina2017_orizzontale-2048x1152.png 2048w, https:\/\/www.piavejolly.com\/CoppaPiave\/wp-content\/uploads\/2025\/01\/1.locandina2017_orizzontale-360x203.png 360w\" sizes=\"(max-width: 2400px) 100vw, 2400px\" \/><\/p>\n<p style=\"font-weight: 400; text-align: justify;\"><span style=\"color: #2a4870;\">Il ricostituito Comitato Piave Jolly Club organizza l\u2019edizione<strong>\u00a02017<\/strong>\u00a0di Coppa del Piave con partenza e arrivo ad Onigo di Pederobba sabato 29 aprile.\u00a0<\/span><\/p>\n<p style=\"font-weight: 400; text-align: justify;\"><span style=\"color: #2a4870;\">Quattro i big:\u00a0Amedeo Cicuttini, Roberto Rondinelli, e l\u2019equipaggio Dus-Rorato insieme dal 1973 a bordo di Opel Ascona, Kadett GTE, Porsche Carrera 2.7, plurivincitori del Campionato Triveneto e Campionato Italiano. Nell\u2019elenco degli iscritti sono presenti vetture importanti: Lancia Aurelia B20, Ferrari 308 GTS, Porsche 356 A, Saab 96, Lancia Fulvia, Maserati, Lancia Delta Integrale, Mini Cooper, Simca Rally 2, Autobianchi A112 Abarth, vari modelli di Alfa Romeo e ancora&#8230;\u00a0FIAT Abarth 124 Rally, 128, 131 Racing, Ritmo 125, Volkswagen, BMW, Peugeot, Renault, Volvo, Subaru e Audi.<\/span><\/p>\n<p style=\"font-weight: 400; text-align: justify;\"><span style=\"color: #2a4870;\">Sabato 5 maggio nella prestigiosa cornice dell\u2019Asolo Golf Club di Cavaso del Tomba Giacomo Turri-Francesco Frascaroli su FIAT 128 Berlina festeggiano la vittoria dell\u2019edizione\u00a0<strong>2018.<\/strong>\u00a0Il percorso si sviluppa interamente su strada con interessanti novit\u00e0 quali le prove cronometrate teoriche oltre le consuete prove cronometrate ad entrata libera e la particolarit\u00e0 di 6 rilevamenti non dichiarati, ma a vista, dove nota dopo nota l\u2019affiatamento tra pilota e navigatore fa la differenza per centrare il passaggio sul pressostato. 150 i km del percorso di gara che prevede 4 CO e rilevamenti di precisione distribuiti lungo la salita a Pianezze e la discesa dal Madean, la salita a Praderadego, a Valmorel, le stradine dei colli del Prosecco intorno a Cison di Valmarino, Rolle, Combai.<\/span><\/p>\n<p style=\"font-weight: 400; text-align: justify;\"><span style=\"color: #2a4870;\">E nel\u00a0<strong>2019\u00a0<\/strong>si celebra un\u2019edizione speciale: il 70\u00b0 anniversario!<\/span><\/p>\n<p style=\"font-weight: 400; text-align: justify;\"><span style=\"color: #2a4870;\">Coppa del Piave si disputa sabato 11 maggio ed \u00e8 valevole quale settima ed ottava prova del Campionato Italiano Regolarit\u00e0 Classica Auto Moderne e prova unica del Campionato UNVS di Regolarit\u00e0 Turistica Auto Storiche e Moderne.<\/span><\/p>\n<p style=\"font-weight: 400; text-align: justify;\"><span style=\"color: #2a4870;\">L\u2019Hotel Canova di Cavaso del Tomba ospita la partenza e l\u2019arrivo oltre ad essere sede di direzione gara; alle 12:30 la partenza di Gara 1 con arrivo alle ore 16:15; alle ore 17:30 partenza di Gara 2 con arrivo alle ore 21:30. Ciascun percorso di circa 140 km prevede 4 CO e 27 PC ripartite sulla salita al Monte Tomba e la discesa dal Madean, la salita al Monte Grappa, al Monte Pallone e alla Forcella Mostaccin con transito finale allo Zadraring. Le due gare tecniche e ritmate si svolgono sulle Prealpi Trevigiane teatro della Grande Guerra.\u00a0<\/span><\/p>\n<p style=\"font-weight: 400; text-align: justify;\"><span style=\"color: #2a4870;\">L\u2019equipaggio siciliano\u00a0Accardo-Messina su Lancia Y, leader del Campionato Italiano Regolarit\u00e0 Classica Auto Moderne, bissa il successo in gara 1 e gara 2 confermandosi con due gare di anticipo il vincitore del Titolo ACI 2019, invece tra le Auto Storiche, su Alfa Romeo Giulia TI, si impone in entrambe le prove Cicuttini-Castellano.<\/span><\/p>\n<p style=\"font-weight: 400; text-align: justify;\"><span style=\"color: #2a4870;\">Nella Regolarit\u00e0 Turistica, tra le Auto Moderne si afferma la coppia parmense Ceci-Botti (FIAT 500 Abarth), mentre\u00a0Turri-Frascaroli (FIAT 128 Berlina)\u00a0proroga la permanenza ai vertici della classifica Auto Storiche, piazzandosi inoltre al primo posto quale migliore protagonista del marchio FIAT e vincendo il Campionato Nazionale UNVS.<\/span><\/p>\n<p style=\"font-weight: 400; text-align: justify;\"><span style=\"color: #2a4870;\">Il 6 dicembre\u00a0<strong>2020\u00a0<\/strong>ricorre la 32\u00b0 edizione di Coppa del Piave e si conferma valida per ilCampionato Italiano Regolarit\u00e0 Classica Auto Moderne e la prova unica del Campionato UNVS di Regolarit\u00e0 Turistica Auto Storiche e Moderne; la gara al mutare dei regolamenti ha spesso anticipato nuove tipologie in cui lo sport automobilistico si \u00e8 evoluto e nella nuova dimensione sportiva ed agonistica continua ad attirare sul tornanti trevigiani ottimi concorrenti e belle vetture.<\/span><\/p>\n<p style=\"font-weight: 400; text-align: justify;\"><span style=\"color: #2a4870;\">Nel mese di novembre a seguito della comunicazione ACI Sport, contenente le nuove misure per fronteggiare l\u2019emergenza epidemiologica da Covid-19, che viene sottoposta ad eventuali provvedimenti di carattere particolare emanati dalle Autorit\u00e0 Locali, con immenso rammarico il Comitato Piave Jolly Club annuncia il posticipo della manifestazione al 2021.<\/span><\/p>\n<p style=\"font-weight: 400; text-align: justify;\"><span style=\"color: #2a4870;\">Dopo mesi di lavoro per offrire ai partecipanti un nuovo percorso ed altre novit\u00e0 la macchina organizzatrice deve arrendersi di fronte alle difficolt\u00e0, riconducibili alla emergenza epidemiologica, che avrebbero potuto compromettere lo spirito della manifestazione.<\/span><\/p>\n<p style=\"font-weight: 400; text-align: justify;\"><span style=\"color: #2a4870;\">Notizia positiva \u00e8 il nuovo sito WEB di Coppa del Piave\u00a0<a style=\"color: #2a4870;\" href=\"https:\/\/www.piavejolly.com\/coppapiave\" data-saferedirecturl=\"https:\/\/www.google.com\/url?q=https:\/\/www.piavejolly.com\/coppapiave&amp;source=gmail&amp;ust=1737052997327000&amp;usg=AOvVaw08MSanDH8K2EegJzSgrzet\"><strong>https:\/\/www.piavejolly.com\/coppapiave<\/strong><\/a>\u00a0portale studiato per essere pi\u00f9 immediato ed al servizio degli appassionati, realizzato e sviluppato per essere consultato con tutti i dispositivi mobili.<\/span><\/p>\n<p style=\"text-align: center;\"><section id=\"huge_it_portfolio_container_11\" data-object-name=\"images_obj_11\">\r\n\t<div id=\"huge-it-container-loading-overlay_11\"><\/div>\r\n\t<div id=\"huge_it_portfolio_content_11\"\r\n\t\t\t class=\"portfolio-gallery-content elastic_grid view-elastic-grid\"\r\n\t\t \t data-show-loading=\"off\"\r\n\t\t\t data-image-behaviour=\"crop\">\r\n\r\n\t<\/div>\r\n<\/section><style>\r\n#huge_it_portfolio_container_11 ul#portfolio-filter {\r\n text-align: center;\r\n}\r\n\r\n#huge_it_portfolio_container_11 ul#portfolio-filter li {\r\n float: none;\r\n}\r\n\r\n#huge_it_portfolio_container_11 ul#portfolio-filter a {\r\n\tdisplay: inline-block;\r\n\tcolor: #444444;\r\n\tbackground-color: #F7F7F7;\r\n\tpadding: 8px;\r\n\tborder-radius: 4px;\r\n\t-moz-border-radius: 4px;\r\n\t-webkit-border-radius: 4px;\r\n}\r\n\r\n#huge_it_portfolio_container_11 ul#portfolio-filter li.current a {\r\n\tcolor: #fff !important;\r\n\tbackground-color: #666 !important;\r\n}\r\n\r\n#huge_it_portfolio_container_11 ul#portfolio-filter li.current a:hover {\r\n\tcolor: #fff !important;\r\n\tbackground-color: #666 !important;\r\n}\r\n\r\n#huge_it_portfolio_container_11 ul#portfolio-filter a:hover {\r\n\tcolor: #fff;\r\n\tbackground-color: #FF3845;\r\n}\r\n\r\n#huge_it_portfolio_container_11 #huge-it-container-loading-overlay_11 {\r\n\twidth: 100%;\r\n\theight: 100%;\r\n\tposition: absolute;\r\n\tz-index: 1;\r\n\tbackground: url(https:\/\/www.piavejolly.com\/CoppaPiave\/wp-content\/plugins\/portfolio-gallery\/assets\/images\/loading\/loading-1.svg) center top;\r\n\tbackground-repeat: no-repeat;\r\n\tbackground-size: 60px auto;\r\ndisplay:none}\r\n\r\n#huge_it_portfolio_container_11 #huge_it_portfolio_content_11 {\r\n}\r\n\r\n#huge_it_portfolio_container_11 {\r\n\tposition: relative;\r\n\tdisplay: inline-block;\r\n\twidth: 100%;\r\n}\r\n\r\n#huge_it_portfolio_content_11 .wagwep-container {\r\n display: none;\r\n}\r\n\r\n#huge_it_portfolio_content_11 ul.og-grid {\r\n\tpadding: 0;\r\n text-align: center;\r\n}\r\n\r\n#huge_it_portfolio_content_11 .og-grid > li {\r\n\twidth: 250px;\r\n\theight: 150px;\r\n margin: 10px 5px 0 5px;\r\n}\r\n\r\n#huge_it_portfolio_content_11 .og-grid > li > a {\r\n\twidth: 100%;\r\n\theight: 100%;\r\n\toverflow: hidden;\r\n\tbox-shadow: none;\r\n\tmax-height: 150px;\r\n\tborder: solid #DEDEDE 0px;\r\n}\r\n\r\n#huge_it_portfolio_content_11 .og-grid li > a > img {\r\n max-width: none;\r\n\tmax-height: none;\r\n}\r\n\r\n#huge_it_portfolio_content_11 .og-grid > li > a > figure > span {\r\n\tpadding: 10px 0;\r\n\tmargin: 40px 20px 20px 20px;\r\n\tcolor: #FFFFFF;\r\n\tborder-bottom: solid #FFFFFF 1px;\r\n\tfont-size: 16px;\r\n\ttext-align: center;\r\n\ttext-transform: none;\r\n}\r\n\r\n#huge_it_portfolio_content_11 .og-grid > li .og-pointer {\r\n\tborder-bottom-color: #222222;\r\n}\r\n\r\n#huge_it_portfolio_content_11 .og-grid > li > a > figure {\r\n\tbackground: rgba(72,72,72,0.7) ;\r\n\tmargin: 0;\r\n}\r\n\r\n#huge_it_portfolio_content_11 .og-expander {\r\n\twidth: 100%;\r\n\tbackground: rgba(34,34,34,1) ;\r\n left: 50%;\r\n\ttransform: translateX(-50%);\r\n}\r\n\r\n#huge_it_portfolio_content_11 .og-expander .elastislide-wrapper {\r\n\tbackground-color: #313131;\r\n box-shadow: inset 0 0 10px #000;\r\n\t-moz-box-shadow: inset 0 0 10px #000;\r\n\t-webkit-box-shadow: inset 0 0 10px #000;\r\n\tmargin-bottom: 25px;\r\n\theight: 100px;\r\n\tbox-sizing: content-box;\r\n}\r\n\r\n#huge_it_portfolio_content_11 .og-expander ul.elastislide-list {\r\n\tpadding: 0;\r\n}\r\n\r\n#huge_it_portfolio_content_11 .og-expander ul.elastislide-list li {\r\n\tmargin: 0 2% 5px 1%;\r\n\tmax-width: none !important;\r\n\tmax-height: none !important;\r\n\twidth: 100px !important;\r\n\theight: 100px !important;\r\n}\r\n\r\n#huge_it_portfolio_content_11 .og-expander ul.elastislide-list li > a > img {\r\n\twidth: 100%;\r\n\theight: 100%;\r\n\tmax-width: none;\r\n\tmax-height: none;\r\n\tborder: solid 2px #313131;\r\n}\r\n\r\n#huge_it_portfolio_content_11 .og-expander ul.elastislide-list li > a > img.selected {\r\n\tborder: 2px solid #999999;\r\n}\r\n\r\n#huge_it_portfolio_content_11 .og-expander ul.elastislide-list li > a {\r\n\twidth: 100%;\r\n\theight: 100%;\r\n}\r\n\r\n#huge_it_portfolio_content_11 .og-expander .og-details a.link-button {\r\n\tfont-size: 11px;\r\n\tcolor: #9f9f9f;\r\n\tbackground-color: #454545;\r\n\tbox-shadow: none;\r\n}\r\n\r\n#huge_it_portfolio_content_11 .og-expander .og-details a.link-button:hover {\r\n\tcolor: #999;\r\n\tbackground: -webkit-gradient(\r\n\t\tlinear, left top, left bottom,\r\n\t\tfrom(#454545),\r\n\t\tto(#131313));\r\n}\r\n\r\n#huge_it_portfolio_content_11 .og-expander .og-expander-inner {\r\n\tdisplay: inline-block;\r\n\twidth: 100%;\r\n}\r\n\r\n#huge_it_portfolio_content_11 .og-expander .og-details p {\r\n\tfont-size: 13px;\r\n\tcolor: #999;\r\n\ttext-align: left;\r\n\tmargin: 0;\r\n}\r\n\r\n#huge_it_portfolio_content_11 .og-expander .og-close {\r\n\tz-index: 999;\r\n}\r\n\r\n#huge_it_portfolio_content_11 .og-expander .og-details {\r\n\tfloat: right;\r\n\theight: auto;\r\n}\r\n\r\n#huge_it_portfolio_content_11 .og-expander .og-details h3 {\r\n\tcolor: #d6d6d6;\r\n\tfont-size: 35px;\r\n\tline-height: normal;\r\n}\r\n\r\n#huge_it_portfolio_content_11 .og-fullimg {\r\n\theight: 100%;\r\n\tfloat: left;\r\n}\r\n\r\n#huge_it_portfolio_content_11 .og-fullimg img {\r\n\tmargin-bottom: 25px;\r\n\twidth: 100%;\r\n}\r\n\r\n#huge_it_portfolio_content_11 .og-fullimg iframe {\r\n\twidth: 100%;\r\n\tborder: none;\r\n    height: 80%!important;\r\n}\r\n\r\n@media (max-width: 767px){\r\n\t#huge_it_portfolio_content_11 .og-fullimg {\r\n\t\theight: auto;\r\n\t}\r\n}\r\n\r\n<\/style ><\/p>\n<p style=\"font-weight: 400;\">\n","protected":false},"excerpt":{"rendered":"<p>Il ricostituito Comitato Piave Jolly Club organizza l\u2019edizione\u00a02017\u00a0di Coppa del Piave con partenza e arrivo ad Onigo di Pederobba sabato 29 aprile.\u00a0 Quattro i big:\u00a0Amedeo Cicuttini, Roberto Rondinelli, e l\u2019equipaggio Dus-Rorato insieme dal 1973 a bordo di Opel Ascona, Kadett <a href=\"https:\/\/www.piavejolly.com\/CoppaPiave\/home\/coppa-del-piave-revival-dal-2017-al-2020\/\" class=\"read-more\">Read More &#8230;<\/a><\/p>\n","protected":false},"author":1,"featured_media":0,"parent":11,"menu_order":0,"comment_status":"closed","ping_status":"closed","template":"","meta":{"footnotes":""},"class_list":["post-2373","page","type-page","status-publish","hentry"],"yoast_head":"<!-- This site is optimized with the Yoast SEO plugin v22.8 - https:\/\/yoast.com\/wordpress\/plugins\/seo\/ -->\r\n<title>Coppa del Piave Revival dal 2017 al 2020 -<\/title>\r\n<meta name=\"robots\" content=\"index, follow, max-snippet:-1, max-image-preview:large, max-video-preview:-1\" \/>\r\n<link rel=\"canonical\" href=\"https:\/\/www.piavejolly.com\/CoppaPiave\/home\/coppa-del-piave-revival-dal-2017-al-2020\/\" \/>\r\n<meta property=\"og:locale\" content=\"it_IT\" \/>\r\n<meta property=\"og:type\" content=\"article\" \/>\r\n<meta property=\"og:title\" content=\"Coppa del Piave Revival dal 2017 al 2020 -\" \/>\r\n<meta property=\"og:description\" content=\"Il ricostituito Comitato Piave Jolly Club organizza l\u2019edizione\u00a02017\u00a0di Coppa del Piave con partenza e arrivo ad Onigo di Pederobba sabato 29 aprile.\u00a0 Quattro i big:\u00a0Amedeo Cicuttini, Roberto Rondinelli, e l\u2019equipaggio Dus-Rorato insieme dal 1973 a bordo di Opel Ascona, Kadett Read More ...\" \/>\r\n<meta property=\"og:url\" content=\"https:\/\/www.piavejolly.com\/CoppaPiave\/home\/coppa-del-piave-revival-dal-2017-al-2020\/\" \/>\r\n<meta property=\"article:modified_time\" content=\"2025-01-15T21:28:48+00:00\" \/>\r\n<meta property=\"og:image\" content=\"https:\/\/www.piavejolly.com\/CoppaPiave\/wp-content\/uploads\/2025\/01\/1.locandina2017_orizzontale.png\" \/>\r\n<meta name=\"twitter:card\" content=\"summary_large_image\" \/>\r\n<meta name=\"twitter:label1\" content=\"Tempo di lettura stimato\" \/>\n\t<meta name=\"twitter:data1\" content=\"4 minuti\" \/>\r\n<script type=\"application\/ld+json\" class=\"yoast-schema-graph\">{\"@context\":\"https:\/\/schema.org\",\"@graph\":[{\"@type\":\"WebPage\",\"@id\":\"https:\/\/www.piavejolly.com\/CoppaPiave\/home\/coppa-del-piave-revival-dal-2017-al-2020\/\",\"url\":\"https:\/\/www.piavejolly.com\/CoppaPiave\/home\/coppa-del-piave-revival-dal-2017-al-2020\/\",\"name\":\"Coppa del Piave Revival dal 2017 al 2020 -\",\"isPartOf\":{\"@id\":\"https:\/\/www.piavejolly.com\/CoppaPiave\/#website\"},\"primaryImageOfPage\":{\"@id\":\"https:\/\/www.piavejolly.com\/CoppaPiave\/home\/coppa-del-piave-revival-dal-2017-al-2020\/#primaryimage\"},\"image\":{\"@id\":\"https:\/\/www.piavejolly.com\/CoppaPiave\/home\/coppa-del-piave-revival-dal-2017-al-2020\/#primaryimage\"},\"thumbnailUrl\":\"https:\/\/www.piavejolly.com\/CoppaPiave\/wp-content\/uploads\/2025\/01\/1.locandina2017_orizzontale.png\",\"datePublished\":\"2025-01-08T20:26:04+00:00\",\"dateModified\":\"2025-01-15T21:28:48+00:00\",\"breadcrumb\":{\"@id\":\"https:\/\/www.piavejolly.com\/CoppaPiave\/home\/coppa-del-piave-revival-dal-2017-al-2020\/#breadcrumb\"},\"inLanguage\":\"it-IT\",\"potentialAction\":[{\"@type\":\"ReadAction\",\"target\":[\"https:\/\/www.piavejolly.com\/CoppaPiave\/home\/coppa-del-piave-revival-dal-2017-al-2020\/\"]}]},{\"@type\":\"ImageObject\",\"inLanguage\":\"it-IT\",\"@id\":\"https:\/\/www.piavejolly.com\/CoppaPiave\/home\/coppa-del-piave-revival-dal-2017-al-2020\/#primaryimage\",\"url\":\"https:\/\/www.piavejolly.com\/CoppaPiave\/wp-content\/uploads\/2025\/01\/1.locandina2017_orizzontale.png\",\"contentUrl\":\"https:\/\/www.piavejolly.com\/CoppaPiave\/wp-content\/uploads\/2025\/01\/1.locandina2017_orizzontale.png\",\"width\":2400,\"height\":1350},{\"@type\":\"BreadcrumbList\",\"@id\":\"https:\/\/www.piavejolly.com\/CoppaPiave\/home\/coppa-del-piave-revival-dal-2017-al-2020\/#breadcrumb\",\"itemListElement\":[{\"@type\":\"ListItem\",\"position\":1,\"name\":\"Home\",\"item\":\"https:\/\/www.piavejolly.com\/CoppaPiave\/\"},{\"@type\":\"ListItem\",\"position\":2,\"name\":\"Coppa del Piave Revival dal 2017 al 2020\"}]},{\"@type\":\"WebSite\",\"@id\":\"https:\/\/www.piavejolly.com\/CoppaPiave\/#website\",\"url\":\"https:\/\/www.piavejolly.com\/CoppaPiave\/\",\"name\":\"\",\"description\":\"\",\"potentialAction\":[{\"@type\":\"SearchAction\",\"target\":{\"@type\":\"EntryPoint\",\"urlTemplate\":\"https:\/\/www.piavejolly.com\/CoppaPiave\/?s={search_term_string}\"},\"query-input\":\"required name=search_term_string\"}],\"inLanguage\":\"it-IT\"}]}<\/script>\r\n<!-- \/ Yoast SEO plugin. -->","yoast_head_json":{"title":"Coppa del Piave Revival dal 2017 al 2020 -","robots":{"index":"index","follow":"follow","max-snippet":"max-snippet:-1","max-image-preview":"max-image-preview:large","max-video-preview":"max-video-preview:-1"},"canonical":"https:\/\/www.piavejolly.com\/CoppaPiave\/home\/coppa-del-piave-revival-dal-2017-al-2020\/","og_locale":"it_IT","og_type":"article","og_title":"Coppa del Piave Revival dal 2017 al 2020 -","og_description":"Il ricostituito Comitato Piave Jolly Club organizza l\u2019edizione\u00a02017\u00a0di Coppa del Piave con partenza e arrivo ad Onigo di Pederobba sabato 29 aprile.\u00a0 Quattro i big:\u00a0Amedeo Cicuttini, Roberto Rondinelli, e l\u2019equipaggio Dus-Rorato insieme dal 1973 a bordo di Opel Ascona, Kadett Read More ...","og_url":"https:\/\/www.piavejolly.com\/CoppaPiave\/home\/coppa-del-piave-revival-dal-2017-al-2020\/","article_modified_time":"2025-01-15T21:28:48+00:00","og_image":[{"url":"https:\/\/www.piavejolly.com\/CoppaPiave\/wp-content\/uploads\/2025\/01\/1.locandina2017_orizzontale.png"}],"twitter_card":"summary_large_image","twitter_misc":{"Tempo di lettura stimato":"4 minuti"},"schema":{"@context":"https:\/\/schema.org","@graph":[{"@type":"WebPage","@id":"https:\/\/www.piavejolly.com\/CoppaPiave\/home\/coppa-del-piave-revival-dal-2017-al-2020\/","url":"https:\/\/www.piavejolly.com\/CoppaPiave\/home\/coppa-del-piave-revival-dal-2017-al-2020\/","name":"Coppa del Piave Revival dal 2017 al 2020 -","isPartOf":{"@id":"https:\/\/www.piavejolly.com\/CoppaPiave\/#website"},"primaryImageOfPage":{"@id":"https:\/\/www.piavejolly.com\/CoppaPiave\/home\/coppa-del-piave-revival-dal-2017-al-2020\/#primaryimage"},"image":{"@id":"https:\/\/www.piavejolly.com\/CoppaPiave\/home\/coppa-del-piave-revival-dal-2017-al-2020\/#primaryimage"},"thumbnailUrl":"https:\/\/www.piavejolly.com\/CoppaPiave\/wp-content\/uploads\/2025\/01\/1.locandina2017_orizzontale.png","datePublished":"2025-01-08T20:26:04+00:00","dateModified":"2025-01-15T21:28:48+00:00","breadcrumb":{"@id":"https:\/\/www.piavejolly.com\/CoppaPiave\/home\/coppa-del-piave-revival-dal-2017-al-2020\/#breadcrumb"},"inLanguage":"it-IT","potentialAction":[{"@type":"ReadAction","target":["https:\/\/www.piavejolly.com\/CoppaPiave\/home\/coppa-del-piave-revival-dal-2017-al-2020\/"]}]},{"@type":"ImageObject","inLanguage":"it-IT","@id":"https:\/\/www.piavejolly.com\/CoppaPiave\/home\/coppa-del-piave-revival-dal-2017-al-2020\/#primaryimage","url":"https:\/\/www.piavejolly.com\/CoppaPiave\/wp-content\/uploads\/2025\/01\/1.locandina2017_orizzontale.png","contentUrl":"https:\/\/www.piavejolly.com\/CoppaPiave\/wp-content\/uploads\/2025\/01\/1.locandina2017_orizzontale.png","width":2400,"height":1350},{"@type":"BreadcrumbList","@id":"https:\/\/www.piavejolly.com\/CoppaPiave\/home\/coppa-del-piave-revival-dal-2017-al-2020\/#breadcrumb","itemListElement":[{"@type":"ListItem","position":1,"name":"Home","item":"https:\/\/www.piavejolly.com\/CoppaPiave\/"},{"@type":"ListItem","position":2,"name":"Coppa del Piave Revival dal 2017 al 2020"}]},{"@type":"WebSite","@id":"https:\/\/www.piavejolly.com\/CoppaPiave\/#website","url":"https:\/\/www.piavejolly.com\/CoppaPiave\/","name":"","description":"","potentialAction":[{"@type":"SearchAction","target":{"@type":"EntryPoint","urlTemplate":"https:\/\/www.piavejolly.com\/CoppaPiave\/?s={search_term_string}"},"query-input":"required name=search_term_string"}],"inLanguage":"it-IT"}]}},"jetpack_sharing_enabled":true,"_links":{"self":[{"href":"https:\/\/www.piavejolly.com\/CoppaPiave\/wp-json\/wp\/v2\/pages\/2373","targetHints":{"allow":["GET"]}}],"collection":[{"href":"https:\/\/www.piavejolly.com\/CoppaPiave\/wp-json\/wp\/v2\/pages"}],"about":[{"href":"https:\/\/www.piavejolly.com\/CoppaPiave\/wp-json\/wp\/v2\/types\/page"}],"author":[{"embeddable":true,"href":"https:\/\/www.piavejolly.com\/CoppaPiave\/wp-json\/wp\/v2\/users\/1"}],"replies":[{"embeddable":true,"href":"https:\/\/www.piavejolly.com\/CoppaPiave\/wp-json\/wp\/v2\/comments?post=2373"}],"version-history":[{"count":5,"href":"https:\/\/www.piavejolly.com\/CoppaPiave\/wp-json\/wp\/v2\/pages\/2373\/revisions"}],"predecessor-version":[{"id":2506,"href":"https:\/\/www.piavejolly.com\/CoppaPiave\/wp-json\/wp\/v2\/pages\/2373\/revisions\/2506"}],"up":[{"embeddable":true,"href":"https:\/\/www.piavejolly.com\/CoppaPiave\/wp-json\/wp\/v2\/pages\/11"}],"wp:attachment":[{"href":"https:\/\/www.piavejolly.com\/CoppaPiave\/wp-json\/wp\/v2\/media?parent=2373"}],"curies":[{"name":"wp","href":"https:\/\/api.w.org\/{rel}","templated":true}]}}